{"id":220,"date":"2024-02-26T06:42:10","date_gmt":"2024-02-26T06:42:10","guid":{"rendered":"https:\/\/mh-mechserv.at\/?page_id=220"},"modified":"2024-02-26T13:27:35","modified_gmt":"2024-02-26T13:27:35","slug":"leistungen-anlagenbau","status":"publish","type":"page","link":"https:\/\/mh-mechserv.at\/index.php\/leistungen-anlagenbau\/","title":{"rendered":"Leistungen"},"content":{"rendered":"\t\t<div data-elementor-type=\"wp-page\" data-elementor-id=\"220\" class=\"elementor elementor-220\">\n\t\t\t\t\t\t<section class=\"elementor-section elementor-top-section elementor-element elementor-element-a944931 elementor-section-boxed elementor-section-height-default elementor-section-height-default\" data-id=\"a944931\" data-element_type=\"section\" data-e-type=\"section\">\n\t\t\t\t\t\t<div class=\"elementor-container elementor-column-gap-default\">\n\t\t\t\t\t<div class=\"elementor-column elementor-col-100 elementor-top-column elementor-element elementor-element-e9c8cba\" data-id=\"e9c8cba\" data-element_type=\"column\" data-e-type=\"column\">\n\t\t\t<div class=\"elementor-widget-wrap elementor-element-populated\">\n\t\t\t\t\t\t<div class=\"elementor-element elementor-element-955f792 elementor-arrows-position-inside elementor-pagination-position-outside elementor-invisible elementor-widget elementor-widget-image-carousel\" data-id=\"955f792\" data-element_type=\"widget\" data-e-type=\"widget\" data-settings=\"{&quot;slides_to_show&quot;:&quot;1&quot;,&quot;_animation&quot;:&quot;fadeIn&quot;,&quot;navigation&quot;:&quot;both&quot;,&quot;autoplay&quot;:&quot;yes&quot;,&quot;pause_on_hover&quot;:&quot;yes&quot;,&quot;pause_on_interaction&quot;:&quot;yes&quot;,&quot;autoplay_speed&quot;:5000,&quot;infinite&quot;:&quot;yes&quot;,&quot;effect&quot;:&quot;slide&quot;,&quot;speed&quot;:500}\" data-widget_type=\"image-carousel.default\">\n\t\t\t\t<div class=\"elementor-widget-container\">\n\t\t\t\t\t\t\t<div class=\"elementor-image-carousel-wrapper swiper\" role=\"region\" aria-roledescription=\"carousel\" aria-label=\"Image Carousel\" dir=\"ltr\">\n\t\t\t<div class=\"elementor-image-carousel swiper-wrapper\" aria-live=\"off\">\n\t\t\t\t\t\t\t\t<div class=\"swiper-slide\" role=\"group\" aria-roledescription=\"slide\" aria-label=\"1 of 4\"><figure class=\"swiper-slide-inner\"><img decoding=\"async\" class=\"swiper-slide-image\" src=\"https:\/\/mh-mechserv.at\/wp-content\/uploads\/2024\/02\/panel_cut_slope_sized.png\" alt=\"panel_cut_slope_sized\" \/><\/figure><\/div><div class=\"swiper-slide\" role=\"group\" aria-roledescription=\"slide\" aria-label=\"2 of 4\"><figure class=\"swiper-slide-inner\"><img decoding=\"async\" class=\"swiper-slide-image\" src=\"https:\/\/mh-mechserv.at\/wp-content\/uploads\/2024\/02\/schematic_cut_slope_sized.png\" alt=\"schematic_cut_slope_sized\" \/><\/figure><\/div><div class=\"swiper-slide\" role=\"group\" aria-roledescription=\"slide\" aria-label=\"3 of 4\"><figure class=\"swiper-slide-inner\"><img decoding=\"async\" class=\"swiper-slide-image\" src=\"https:\/\/mh-mechserv.at\/wp-content\/uploads\/2024\/02\/Screenshot_20240225_185545_sized-768x304.png\" alt=\"Screenshot_20240225_185545_sized\" \/><\/figure><\/div><div class=\"swiper-slide\" role=\"group\" aria-roledescription=\"slide\" aria-label=\"4 of 4\"><figure class=\"swiper-slide-inner\"><img decoding=\"async\" class=\"swiper-slide-image\" src=\"https:\/\/mh-mechserv.at\/wp-content\/uploads\/2024\/02\/Screenshot_20240225_185753_sized-768x435.png\" alt=\"Screenshot_20240225_185753_sized\" \/><\/figure><\/div>\t\t\t<\/div>\n\t\t\t\t\t\t\t\t\t\t\t\t<div class=\"elementor-swiper-button elementor-swiper-button-prev\" role=\"button\" tabindex=\"0\">\n\t\t\t\t\t\t<i aria-hidden=\"true\" class=\"eicon-chevron-left\"><\/i>\t\t\t\t\t<\/div>\n\t\t\t\t\t<div class=\"elementor-swiper-button elementor-swiper-button-next\" role=\"button\" tabindex=\"0\">\n\t\t\t\t\t\t<i aria-hidden=\"true\" class=\"eicon-chevron-right\"><\/i>\t\t\t\t\t<\/div>\n\t\t\t\t\n\t\t\t\t\t\t\t\t\t<div class=\"swiper-pagination\"><\/div>\n\t\t\t\t\t\t\t\t\t<\/div>\n\t\t\t\t\t\t<\/div>\n\t\t\t\t<\/div>\n\t\t\t\t\t<\/div>\n\t\t<\/div>\n\t\t\t\t\t<\/div>\n\t\t<\/section>\n\t\t\t\t<section class=\"elementor-section elementor-top-section elementor-element elementor-element-15e2d1e elementor-section-boxed elementor-section-height-default elementor-section-height-default\" data-id=\"15e2d1e\" data-element_type=\"section\" data-e-type=\"section\">\n\t\t\t\t\t\t<div class=\"elementor-container elementor-column-gap-default\">\n\t\t\t\t\t<div class=\"elementor-column elementor-col-100 elementor-top-column elementor-element elementor-element-a3760ad\" data-id=\"a3760ad\" data-element_type=\"column\" data-e-type=\"column\">\n\t\t\t<div class=\"elementor-widget-wrap elementor-element-populated\">\n\t\t\t\t\t\t<section class=\"elementor-section elementor-inner-section elementor-element elementor-element-647e015 elementor-section-boxed elementor-section-height-default elementor-section-height-default\" data-id=\"647e015\" data-element_type=\"section\" data-e-type=\"section\">\n\t\t\t\t\t\t<div class=\"elementor-container elementor-column-gap-default\">\n\t\t\t\t\t<div class=\"elementor-column elementor-col-50 elementor-inner-column elementor-element elementor-element-7984f8e\" data-id=\"7984f8e\" data-element_type=\"column\" data-e-type=\"column\">\n\t\t\t<div class=\"elementor-widget-wrap elementor-element-populated\">\n\t\t\t\t\t\t<div class=\"elementor-element elementor-element-bb015a3 elementor-widget elementor-widget-text-editor\" data-id=\"bb015a3\" data-element_type=\"widget\" data-e-type=\"widget\" data-widget_type=\"text-editor.default\">\n\t\t\t\t<div class=\"elementor-widget-container\">\n\t\t\t\t\t\t\t\t\t<h3 style=\"text-align: center;\" data-pm-slice=\"1 1 []\">Schaltschrankbau<\/h3><p>Gerne fertigen wir f\u00fcr Sie Schaltschr\u00e4nke nach Kundenvorstellung. MIt unseren Partnern im Stahlbau sind wir in der Lage Kundenspezifische L\u00f6sungen an Schaltschr\u00e4nken und Geh\u00e4usen anzubieten<\/p>\t\t\t\t\t\t\t\t<\/div>\n\t\t\t\t<\/div>\n\t\t\t\t\t<\/div>\n\t\t<\/div>\n\t\t\t\t<div class=\"elementor-column elementor-col-50 elementor-inner-column elementor-element elementor-element-806fc58\" data-id=\"806fc58\" data-element_type=\"column\" data-e-type=\"column\">\n\t\t\t<div class=\"elementor-widget-wrap elementor-element-populated\">\n\t\t\t\t\t\t<div class=\"elementor-element elementor-element-7dbc933 elementor-widget elementor-widget-text-editor\" data-id=\"7dbc933\" data-element_type=\"widget\" data-e-type=\"widget\" data-widget_type=\"text-editor.default\">\n\t\t\t\t<div class=\"elementor-widget-container\">\n\t\t\t\t\t\t\t\t\t<h3 style=\"text-align: center;\" data-pm-slice=\"1 1 []\">Fernwartung<\/h3><p>\u00dcber unsere Firmeneigene Fenwartungs-Plattform haben Sie Ihre Anlage stets im Blick. In St\u00f6rungsf\u00e4llen k\u00f6nnen wir dadurch schnell und kosteng\u00fcnstig reagieren.<\/p>\t\t\t\t\t\t\t\t<\/div>\n\t\t\t\t<\/div>\n\t\t\t\t\t<\/div>\n\t\t<\/div>\n\t\t\t\t\t<\/div>\n\t\t<\/section>\n\t\t\t\t\t<\/div>\n\t\t<\/div>\n\t\t\t\t\t<\/div>\n\t\t<\/section>\n\t\t\t\t<section class=\"elementor-section elementor-top-section elementor-element elementor-element-f275eed elementor-section-boxed elementor-section-height-default elementor-section-height-default\" data-id=\"f275eed\" data-element_type=\"section\" data-e-type=\"section\">\n\t\t\t\t\t\t<div class=\"elementor-container elementor-column-gap-default\">\n\t\t\t\t\t<div class=\"elementor-column elementor-col-100 elementor-top-column elementor-element elementor-element-1ec6927\" data-id=\"1ec6927\" data-element_type=\"column\" data-e-type=\"column\">\n\t\t\t<div class=\"elementor-widget-wrap elementor-element-populated\">\n\t\t\t\t\t\t<div class=\"elementor-element elementor-element-759cdf4 elementor-widget elementor-widget-text-editor\" data-id=\"759cdf4\" data-element_type=\"widget\" data-e-type=\"widget\" data-widget_type=\"text-editor.default\">\n\t\t\t\t<div class=\"elementor-widget-container\">\n\t\t\t\t\t\t\t\t\t<h3 style=\"font-style: normal; font-variant-ligatures: normal; font-variant-caps: normal; text-align: center;\" data-pm-slice=\"1 1 []\">Visualisierung und Auswertung<\/h3><p style=\"font-style: normal; font-variant-ligatures: normal; font-variant-caps: normal; font-weight: 400; font-size: 15px; font-family: Roboto, sans-serif;\">\u00dcber Jahre hinweg haben wir das Know How und die Infrastruktur aufgebaut um Ihre Anlagen zu visualisieren bzw. Daten aufzuzeichnen und auszuwerten. Bei Bedarf k\u00f6nnen wir auch die entsprechende Cloud Infrastruktur bereitstellen. Insbesondere bei Batterie-Speicher Anlagen bew\u00e4hrt sich dieses System bereits seit Jahren um fr\u00fchzeitig defekte Zellen und alterungs-Effekte zu erkennen und Gegenma\u00dfnahmen zu treffen.<\/p>\t\t\t\t\t\t\t\t<\/div>\n\t\t\t\t<\/div>\n\t\t\t\t\t<\/div>\n\t\t<\/div>\n\t\t\t\t\t<\/div>\n\t\t<\/section>\n\t\t\t\t<\/div>\n\t\t","protected":false},"excerpt":{"rendered":"<p>Schaltschrankbau Gerne fertigen wir f\u00fcr Sie Schaltschr\u00e4nke nach Kundenvorstellung. MIt unseren Partnern im Stahlbau sind wir in der Lage Kundenspezifische L\u00f6sungen an Schaltschr\u00e4nken und Geh\u00e4usen anzubieten Fernwartung \u00dcber unsere Firmeneigene Fenwartungs-Plattform haben Sie Ihre Anlage stets im Blick. In St\u00f6rungsf\u00e4llen k\u00f6nnen wir dadurch schnell und kosteng\u00fcnstig reagieren. Visualisierung und Auswertung &#8230;<\/p>\n","protected":false},"author":1,"featured_media":0,"parent":0,"menu_order":0,"comment_status":"closed","ping_status":"closed","template":"","meta":{"_acf_changed":false,"footnotes":""},"class_list":["post-220","page","type-page","status-publish","hentry","column","threecol"],"acf":[],"_links":{"self":[{"href":"https:\/\/mh-mechserv.at\/index.php\/wp-json\/wp\/v2\/pages\/220","targetHints":{"allow":["GET"]}}],"collection":[{"href":"https:\/\/mh-mechserv.at\/index.php\/wp-json\/wp\/v2\/pages"}],"about":[{"href":"https:\/\/mh-mechserv.at\/index.php\/wp-json\/wp\/v2\/types\/page"}],"author":[{"embeddable":true,"href":"https:\/\/mh-mechserv.at\/index.php\/wp-json\/wp\/v2\/users\/1"}],"replies":[{"embeddable":true,"href":"https:\/\/mh-mechserv.at\/index.php\/wp-json\/wp\/v2\/comments?post=220"}],"version-history":[{"count":69,"href":"https:\/\/mh-mechserv.at\/index.php\/wp-json\/wp\/v2\/pages\/220\/revisions"}],"predecessor-version":[{"id":301,"href":"https:\/\/mh-mechserv.at\/index.php\/wp-json\/wp\/v2\/pages\/220\/revisions\/301"}],"wp:attachment":[{"href":"https:\/\/mh-mechserv.at\/index.php\/wp-json\/wp\/v2\/media?parent=220"}],"curies":[{"name":"wp","href":"https:\/\/api.w.org\/{rel}","templated":true}]}}